-20)?
3
Let v be 4 + ((-3)/8 - ((-168)/(-64) - 3)). Suppose 0 = -0*x + 4*x - 3*p - 286, -3*p + 371 = 5*x. Let g = x - v. What is the units digit of g?
9
Suppose 2*t - 9 + 3 = 0. Suppose -2*c = t*a, c = -c + 6. What is the tens digit of (-23)/(-2) - a/(-4)?
1
Let b(j) = j**2 - 9*j + 1. Let p be b(8). Let a(z) = -z - 3. Let d be a(p). Suppose 0*x - 355 = -5*s - 5*x, 0 = -d*s + 3*x + 319. What is the tens digit of s?
7
Suppose 2*y + 7114 = -26*k + 31*k, 4*k = -3*y + 5705. Let u = 2370 - k. What is the units digit of u?
6
Suppose 84*u - 1914567 = 2750373. What is the tens digit of u?
3
Let p(a) = 2*a**3 - 15*a**2 - 5*a - 22. Let l be p(8). Suppose 0 = l*k - 31 - 23. What is the units digit of k?
7
Let d be (-1)/1*(4 - 7). Suppose 4*v - 4 = 2*q, -3 = d*v - 4*q + 4. Suppose -v*h - 2*c + 504 = 0, 3*h + 815 = 8*h - 5*c. What is the units digit of h?
6
Let k(y) = 6*y**2 - 4*y - 16. Suppose 0 = 6*n + 22 + 26. Let a be k(n). Suppose -d + 6*d - a = 0. What is the tens digit of d?
8
Let b(t) = t**3 + 14*t**2 + 10. Let k be b(-14). Let w(c) = -4*c + 21. Let r be w(k). What is the units digit of (2 - 2)/(-2) - r?
9
Let f(s) = -1825*s**3 + 3*s**2 + 40*s + 133. What is the ten thousands digit of f(-3)?
4
Suppose -4*t + 5*l = -60, 5*t - 2*l - 15 = 4*t. What is the tens digit of 372/(2*t/40)?
9
Suppose -5*f = -3*y - 53398, 26*f - 4*y = 31*f - 53391. What is the ten thousands digit of f?
1
What is the ten thousands digit of -8*(15/(-10) + 2)*-2753?
1
Suppose -k - 2*k - 5*r = -20591, -4*r - 8 = 0. What is the units digit of k?
7
What is the thousands digit of (-18560)/(-12)*99/22?
6
Suppose -17*r - 3*i = -14*r - 22716, 5*r = -2*i + 37872. What is the tens digit of r?
7
Suppose f = -2*f + 120. Suppose 4*h - 8*h = f. Let d(l) = l**3 + 11*l**2 + 10*l + 10. What is the units digit of d(h)?
0
Let r(x) = 149*x**2 + 18*x - 38. Let g be r(2). Let t = g + -563. What is the tens digit of t?
3
Let u be 5 - (-9)/(72/(-80)). What is the hundreds digit of (-2)/u + ((-7944)/(-5))/8?
1
Let u(h) = 3*h - 23. Let a be u(12). Suppose -33 = -a*f + 16*f. Let w(x) = x + 27. What is the units digit of w(f)?
6
Suppose -15*n = -16*n + 304. Suppose -11*b + 12*b = n. What is the hundreds digit of b?
3
Suppose 50 = 4*k - 2*j, 3*j - 5 = -k + j. Let w be 269 - k - (0 - -2). Let q = -172 + w. What is the units digit of q?
4
Suppose 5*q - 95 = 360. Let b be ((-12)/(-10))/((-76)/(-190)). Suppose -z = -4*n - 34, -4*z - 2*n + q = -b*n. What is the units digit of z?
2
Suppose -2*y = -11*y + 36. What is the units digit of (529/2)/(y - 42/12)?
9
Let m = 178 - 174. Suppose 2*g + g + 91 = m*b, -b + 5*g = -27. What is the tens digit of b?
2
Suppose 5*y + 4*z + 98 = 0, 0 = y - 3*z + 6*z + 13. Let f = -261 - -257. What is the tens digit of (70/f)/5*y?
7
Let f = 7 + -2. Let j(s) = 4 + 258*s**2 - 67*s**2 - 66*s**2 - 57*s**2 - 61*s**2. What is the units digit of j(f)?
9
Let o(a) = 50*a**2 - 3*a + 3. Let p be o(2). Suppose 6*k + 2*x - 118 = 5*k, -4*x - 884 = -8*k. Let m = p - k. What is the units digit of m?
5
Let l(a) = -1959*a - 7171. What is the hundreds digit of l(-38)?
2
Let r = 4502 + 39622. What is the units digit of r?
4
Suppose 3*k - 1890 = 5*g, 10*k - 2*g = 13*k - 1869. Let o = k - 399. What is the tens digit of o?
2
Let q = -637 - -925. Suppose 0 = -q*a + 283*a + 5690. What is the hundreds digit of a?
1
Suppose 0 = 3*j + 3*p - 27, 53*p - 48*p = -2*j + 30. Suppose 0 = j*k - 10*k - n + 6358, 0 = -5*k + 4*n + 6343. What is the hundreds digit of k?
2
Let g be (1/5*0)/(-2). Suppose g*l - l + 3*j = -7, -j = 2*l - 21. Suppose l*m = 2092 + 348. What is the units digit of m?
4
Let m = 21 - 16. Suppose m*h + 149 - 621 = r, 196 = 2*h + 2*r. Let v = 143 - h. What is the units digit of v?
8
Let d be 4 - (-5 + 4353 - 6/(-2)). What is the units digit of -5 + d/(-6) + (-4)/8?
9
Suppose 0*t - 3*t + 4*q + 223 = 0, 2*q = -8. Suppose -2*j + 3*x + 334 = -t, 2*j + 2*x - 418 = 0. What is the units digit of j?
6
Suppose 0 = -x + 2, 3*x + 10 - 7 = 3*r. Suppose 1098 = r*b - 5*k + 53, -2*b + 2*k + 698 = 0. What is the hundreds digit of b?
3
Suppose 2*b - 4*w = 67386, -3*w = 4*b - 15616 - 119233. What is the ten thousands digit of b?
3
What is the hundreds digit of 1236/(-10)*(-1710)/18?
7
Let h be (15/5)/((-3)/38). Let n = 16 + -59. Let a = h - n. What is the units digit of a?
5
Let k = 12 - 8. Suppose -28 = q - 3*q + 4*f, 4*f - 116 = -k*q. What is the units digit of (-1438)/(-16) - (-3)/q?
0
Suppose 160*f - 2338440 = 4*f. What is the units digit of f?
0
Let d(y) = 2*y**3 - 37*y**2 + 289*y - 66. What is the thousands digit of d(28)?
2
Let p(q) = 7*q**2 + 5*q - 807. What is the hundreds digit of p(-28)?
5
Suppose -4*w + d + 228 = 0, -4*w + 4*d = -176 - 40. Let p = 62 - w. Suppose p*u + 194 = 4*q + 2*u, q - 44 = 2*u. What is the units digit of q?
0
Suppose -20*y = -1012 - 4808. Suppose 2*v + 3*q - 744 = y, 2*v - 1053 = 3*q. What is the units digit of v?
2
Suppose 0 = 987*v - 751*v - 4247528. What is the tens digit of v?
9
Let k be 273/(-7)*10/3. Let b = k + 132. Suppose 4 = -2*s, 2*f + 605 = 5*f + b*s. What is the units digit of f?
3
Let d = -803 - -791. Let x(a) = -50*a + 1. What is the hundreds digit of x(d)?
6
Suppose n - 2*h + 1684 = 0, 5*h - 3*h - 8 = 0. Let w = -1163 - n. What is the units digit of w?
3
Suppose 236 = 4*v + y - 2*y, -4*y = 5*v - 295. Let o = -3593 - -3674. Let x = o + v. What is the units digit of x?
0
What is the thousands digit of (13 - (9 + -58836) - 12) + -13?
8
Suppose -187492 = -35*z + 532782 - 113689. What is the hundreds digit of z?
3
Let o(q) = q**3 + 26*q**2 - 18*q + 751. What is the units digit of o(27)?
2
Let j(s) = -s**2 - 2*s + 18. Let q be -5*((-1)/6 + 49/42). Let w be j(q). Suppose w*b + 1469 = 5*g, 4*g - b - 2*b = 1174. What is the hundreds digit of g?
2
Let k = -7742 - -19340. What is the ten thousands digit of k?
1
Let c = 218 - 63. Suppose -2*r + c = -r. Let h = r + -71. What is the units digit of h?
4
Let d = 11197 - 1566. What is the hundreds digit of d?
6
What is the thousands digit of ((-258)/(-215) - 11484/70)/(2/(-14))?
1
Suppose 174*u - 175*u = -5501. What is the units digit of u?
1
Let n = -10988 + 33283. What is the ten thousands digit of n?
2
Let a(o) = 2214*o + 2526. What is the tens digit of a(6)?
1
What is the ten thousands digit of (-15)/(-5) + 2 - (-73837 - -1)/7?
1
Let c(m) = 4*m + 14. Let a be c(-6). Let r be (-3784)/a - (110/25 - 4). Let j = r + -145. What is the units digit of j?
3
Suppose -2*x = 4, -2*a + 5*x + 0*x = -22. Let r(t) = -2*t**2 + 5*t - 3. Let l be r(a). Let i = l - -127. What is the units digit of i?
2
What is the tens digit of (20764/(-12))/(2*26/(-1716))?
0
Let h be (-2)/(((-2)/20)/((-3)/(-4))). Suppose -h*g + g + 2870 = 0. Suppose 0 = -4*l + 2*a + g + 293, 635 = 5*l - 5*a. What is the tens digit of l?
2
Let n(d) = 5*d**2 + 3*d - 21. Suppose -114*q + 109*q + 135 = 0. Let b = -21 + q. What is the units digit of n(b)?
7
Suppose -3*o + 33 = -4*w, -2*w - 5*o + 3 = -0*w. Let p be 14/105 + w/45. What is the units digit of (0 - -1)/(p - (-5)/610)?
2
Suppose 3*r = -0*r + 5*k + 7846, 4*k - 16 = 0. Let q = r - 1724. Suppose 11*c - 3351 = -q. What is the hundreds digit of c?
2
Suppose -9*f = 2*u - 6*f - 26, -u = -4*f - 2. Suppose -5*c + 4*g = -4192, u = 21*g - 16*g. What is the hundreds digit of c?
8
Let x be 428/2*(3 + 4)/14. Suppose x*r = 88*r + 8835. What is the hundreds digit of r?
4
Suppose -2*k = 4*k - 1038. Let x = 739 - k. What is the tens digit of x?
6
Let r = -102 + 175. Let w = r + -57. What is the hundreds digit of 8*55*8/w?
2
Suppose -5155 = -148*a + 134*a + 9279. What is the hundreds digit of a?
0
Let s(q) = q + 1. Let j(h) = 14*h + 13. Let p(t) = -j(t) - 3*s(t). Let n = -220 + 210. What is the units digit of p(n)?
4
Let t(r) = 559*r - 3971. What is the hundreds digit of t(31)?
3
Let p(h) = 188*h**2 + 28*h + 258. What is the thousands digit of p(-9)?
5
Suppose -37*g + 22 = -39*g. Let x(d) = 2*d**2 + 14*d + 69. What is the tens digit of x(g)?
5
Suppose 3*q = 5*r + 29583, 30*r - 26*r = 4*q - 39428. What is the units digit of q?
1
Suppose 0 = 5*l + 37 - 122. Let w(i) = 14*i + 177*i**2 + 1 - 12*i**2 - l*i. What is the units digit of w(1)?
3
Suppose -22*y = -23*y + 90. Suppose 4*o - 2*j = 336, -y = -2*o - j + 86. Let n = o - 51. What is the tens digi